{"id":43,"date":"2023-07-06T13:14:14","date_gmt":"2023-07-06T11:14:14","guid":{"rendered":"http:\/\/xbarchitecture.fr\/?page_id=43"},"modified":"2026-03-17T08:49:49","modified_gmt":"2026-03-17T07:49:49","slug":"habitations-collectives","status":"publish","type":"page","link":"https:\/\/xbarchitecture.fr\/index.php\/habitations-collectives\/","title":{"rendered":"Tertiaire et Public"},"content":{"rendered":"\n<p class=\"has-black-color has-cyan-bluish-gray-background-color has-text-color has-background has-link-color wp-elements-9fadf31879ad6ed3487c2dfec57f6c45\"><strong>Cabinet de Kin\u00e9sith\u00e9rapie JMB &#8211; b\u00e2timent \u00e0 ossature bois (67)<\/strong><\/p>\n\n\n<div class=\"wp-block-image\">\n<figure class=\"aligncenter size-large\"><img loading=\"lazy\" decoding=\"async\" width=\"498\" height=\"1024\" src=\"https:\/\/xbarchitecture.fr\/wp-content\/uploads\/2024\/01\/20240119_163104-498x1024.jpg\" alt=\"\" class=\"wp-image-248\" srcset=\"https:\/\/xbarchitecture.fr\/wp-content\/uploads\/2024\/01\/20240119_163104-498x1024.jpg 498w, https:\/\/xbarchitecture.fr\/wp-content\/uploads\/2024\/01\/20240119_163104-146x300.jpg 146w, https:\/\/xbarchitecture.fr\/wp-content\/uploads\/2024\/01\/20240119_163104-768x1580.jpg 768w, https:\/\/xbarchitecture.fr\/wp-content\/uploads\/2024\/01\/20240119_163104-747x1536.jpg 747w, https:\/\/xbarchitecture.fr\/wp-content\/uploads\/2024\/01\/20240119_163104-996x2048.jpg 996w, https:\/\/xbarchitecture.fr\/wp-content\/uploads\/2024\/01\/20240119_163104-scaled.jpg 1244w\" sizes=\"auto, (max-width: 498px) 100vw, 498px\" \/><\/figure>\n<\/div>\n\n\n<figure class=\"wp-block-image size-large\"><img loading=\"lazy\" decoding=\"async\" width=\"1024\" height=\"498\" src=\"https:\/\/xbarchitecture.fr\/wp-content\/uploads\/2024\/01\/20240119_163434-1024x498.jpg\" alt=\"\" class=\"wp-image-249\" srcset=\"https:\/\/xbarchitecture.fr\/wp-content\/uploads\/2024\/01\/20240119_163434-1024x498.jpg 1024w, https:\/\/xbarchitecture.fr\/wp-content\/uploads\/2024\/01\/20240119_163434-300x146.jpg 300w, https:\/\/xbarchitecture.fr\/wp-content\/uploads\/2024\/01\/20240119_163434-768x373.jpg 768w, https:\/\/xbarchitecture.fr\/wp-content\/uploads\/2024\/01\/20240119_163434-1536x747.jpg 1536w, https:\/\/xbarchitecture.fr\/wp-content\/uploads\/2024\/01\/20240119_163434-2048x996.jpg 2048w\" sizes=\"auto, (max-width: 706px) 89vw, (max-width: 767px) 82vw, 740px\" \/><\/figure>\n\n\n\n<p><\/p>\n\n\n\n<p class=\"has-black-color has-cyan-bluish-gray-background-color has-text-color has-background has-link-color wp-elements-cefc98216ea058bc00346e8cc4ad9f9a\"><strong>Salle des f\u00eates d&rsquo;Entzheim (67)<\/strong><\/p>\n\n\n\n<p><sup>Architecte mandataire: Bernard WEIXLER<\/sup><\/p>\n\n\n\n<p><sup>Architecte associ\u00e9: OZE Architecture (XB CHEF DE PROJET )<\/sup><\/p>\n\n\n\n<figure class=\"wp-block-image size-large\"><img loading=\"lazy\" decoding=\"async\" width=\"1024\" height=\"683\" src=\"https:\/\/xbarchitecture.fr\/wp-content\/uploads\/2024\/01\/01-1024x683.jpg\" alt=\"\" class=\"wp-image-255\" srcset=\"https:\/\/xbarchitecture.fr\/wp-content\/uploads\/2024\/01\/01-1024x683.jpg 1024w, https:\/\/xbarchitecture.fr\/wp-content\/uploads\/2024\/01\/01-300x200.jpg 300w, https:\/\/xbarchitecture.fr\/wp-content\/uploads\/2024\/01\/01-768x512.jpg 768w, https:\/\/xbarchitecture.fr\/wp-content\/uploads\/2024\/01\/01-1536x1024.jpg 1536w, https:\/\/xbarchitecture.fr\/wp-content\/uploads\/2024\/01\/01-2048x1365.jpg 2048w\" sizes=\"auto, (max-width: 706px) 89vw, (max-width: 767px) 82vw, 740px\" \/><\/figure>\n\n\n\n<figure class=\"wp-block-image size-large\"><img loading=\"lazy\" decoding=\"async\" width=\"1024\" height=\"683\" src=\"https:\/\/xbarchitecture.fr\/wp-content\/uploads\/2024\/01\/05-1024x683.jpg\" alt=\"\" class=\"wp-image-256\" srcset=\"https:\/\/xbarchitecture.fr\/wp-content\/uploads\/2024\/01\/05-1024x683.jpg 1024w, https:\/\/xbarchitecture.fr\/wp-content\/uploads\/2024\/01\/05-300x200.jpg 300w, https:\/\/xbarchitecture.fr\/wp-content\/uploads\/2024\/01\/05-768x512.jpg 768w, https:\/\/xbarchitecture.fr\/wp-content\/uploads\/2024\/01\/05-1536x1024.jpg 1536w, https:\/\/xbarchitecture.fr\/wp-content\/uploads\/2024\/01\/05-2048x1365.jpg 2048w\" sizes=\"auto, (max-width: 706px) 89vw, (max-width: 767px) 82vw, 740px\" \/><\/figure>\n\n\n\n<figure class=\"wp-block-image size-large\"><img loading=\"lazy\" decoding=\"async\" width=\"1024\" height=\"683\" src=\"https:\/\/xbarchitecture.fr\/wp-content\/uploads\/2024\/01\/07-1024x683.jpg\" alt=\"\" class=\"wp-image-257\" srcset=\"https:\/\/xbarchitecture.fr\/wp-content\/uploads\/2024\/01\/07-1024x683.jpg 1024w, https:\/\/xbarchitecture.fr\/wp-content\/uploads\/2024\/01\/07-300x200.jpg 300w, https:\/\/xbarchitecture.fr\/wp-content\/uploads\/2024\/01\/07-768x512.jpg 768w, https:\/\/xbarchitecture.fr\/wp-content\/uploads\/2024\/01\/07-1536x1024.jpg 1536w, https:\/\/xbarchitecture.fr\/wp-content\/uploads\/2024\/01\/07-2048x1365.jpg 2048w\" sizes=\"auto, (max-width: 706px) 89vw, (max-width: 767px) 82vw, 740px\" \/><\/figure>\n\n\n\n<p><\/p>\n\n\n\n<p class=\"has-black-color has-cyan-bluish-gray-background-color has-text-color has-background has-link-color wp-elements-e8a903c7885531ffa9debc40baabf674\"><strong>B\u00e2timent de vestiaires industriels (67)<\/strong><\/p>\n\n\n\n<p>(<em><sub><sup>chef de projet OZE architecture<\/sup><\/sub><\/em>)<\/p>\n\n\n\n<figure class=\"wp-block-gallery has-nested-images columns-default is-cropped wp-block-gallery-1 is-layout-flex wp-block-gallery-is-layout-flex\">\n<figure class=\"wp-block-image size-large\"><img loading=\"lazy\" decoding=\"async\" width=\"683\" height=\"1024\" data-id=\"146\" src=\"https:\/\/xbarchitecture.fr\/wp-content\/uploads\/2023\/08\/04-683x1024.jpg\" alt=\"\" class=\"wp-image-146\" srcset=\"https:\/\/xbarchitecture.fr\/wp-content\/uploads\/2023\/08\/04-683x1024.jpg 683w, https:\/\/xbarchitecture.fr\/wp-content\/uploads\/2023\/08\/04-200x300.jpg 200w, https:\/\/xbarchitecture.fr\/wp-content\/uploads\/2023\/08\/04-768x1152.jpg 768w, https:\/\/xbarchitecture.fr\/wp-content\/uploads\/2023\/08\/04.jpg 960w\" sizes=\"auto, (max-width: 683px) 100vw, 683px\" \/><\/figure>\n\n\n\n<figure class=\"wp-block-image size-full\"><img loading=\"lazy\" decoding=\"async\" width=\"480\" height=\"720\" data-id=\"144\" src=\"https:\/\/xbarchitecture.fr\/wp-content\/uploads\/2023\/08\/02.jpg\" alt=\"\" class=\"wp-image-144\" srcset=\"https:\/\/xbarchitecture.fr\/wp-content\/uploads\/2023\/08\/02.jpg 480w, https:\/\/xbarchitecture.fr\/wp-content\/uploads\/2023\/08\/02-200x300.jpg 200w\" sizes=\"auto, (max-width: 480px) 100vw, 480px\" \/><\/figure>\n\n\n\n<figure class=\"wp-block-image size-large\"><img loading=\"lazy\" decoding=\"async\" width=\"683\" height=\"1024\" data-id=\"143\" src=\"https:\/\/xbarchitecture.fr\/wp-content\/uploads\/2023\/08\/01-683x1024.jpg\" alt=\"\" class=\"wp-image-143\" srcset=\"https:\/\/xbarchitecture.fr\/wp-content\/uploads\/2023\/08\/01-683x1024.jpg 683w, https:\/\/xbarchitecture.fr\/wp-content\/uploads\/2023\/08\/01-200x300.jpg 200w, https:\/\/xbarchitecture.fr\/wp-content\/uploads\/2023\/08\/01-768x1152.jpg 768w, https:\/\/xbarchitecture.fr\/wp-content\/uploads\/2023\/08\/01-1024x1536.jpg 1024w, https:\/\/xbarchitecture.fr\/wp-content\/uploads\/2023\/08\/01.jpg 1200w\" sizes=\"auto, (max-width: 683px) 100vw, 683px\" \/><\/figure>\n<\/figure>\n\n\n\n<p><\/p>\n\n\n\n<p class=\"has-black-color has-cyan-bluish-gray-background-color has-text-color has-background has-link-color wp-elements-0216575e83901d339caa008c234f7189\"><strong>R\u00e9novation et am\u00e9lioration de l\u2019\u00c9cole Maternelle de la Meinau<\/strong><\/p>\n\n\n\n<p>(<em><sub><sup>chef de projet OZE architecture<\/sup><\/sub><\/em>)<\/p>\n\n\n\n<figure class=\"wp-block-gallery has-nested-images columns-default is-cropped wp-block-gallery-2 is-layout-flex wp-block-gallery-is-layout-flex\">\n<figure class=\"wp-block-image size-large\"><img loading=\"lazy\" decoding=\"async\" width=\"498\" height=\"1024\" data-id=\"253\" src=\"https:\/\/xbarchitecture.fr\/wp-content\/uploads\/2024\/01\/20240119_155348-498x1024.jpg\" alt=\"\" class=\"wp-image-253\" srcset=\"https:\/\/xbarchitecture.fr\/wp-content\/uploads\/2024\/01\/20240119_155348-498x1024.jpg 498w, https:\/\/xbarchitecture.fr\/wp-content\/uploads\/2024\/01\/20240119_155348-146x300.jpg 146w, https:\/\/xbarchitecture.fr\/wp-content\/uploads\/2024\/01\/20240119_155348-768x1580.jpg 768w, https:\/\/xbarchitecture.fr\/wp-content\/uploads\/2024\/01\/20240119_155348-747x1536.jpg 747w, https:\/\/xbarchitecture.fr\/wp-content\/uploads\/2024\/01\/20240119_155348-996x2048.jpg 996w, https:\/\/xbarchitecture.fr\/wp-content\/uploads\/2024\/01\/20240119_155348-scaled.jpg 1244w\" sizes=\"auto, (max-width: 498px) 100vw, 498px\" \/><\/figure>\n<\/figure>\n\n\n\n<figure class=\"wp-block-image size-large\"><img loading=\"lazy\" decoding=\"async\" width=\"1024\" height=\"498\" src=\"https:\/\/xbarchitecture.fr\/wp-content\/uploads\/2024\/01\/20240119_155620-1024x498.jpg\" alt=\"\" class=\"wp-image-254\" srcset=\"https:\/\/xbarchitecture.fr\/wp-content\/uploads\/2024\/01\/20240119_155620-1024x498.jpg 1024w, https:\/\/xbarchitecture.fr\/wp-content\/uploads\/2024\/01\/20240119_155620-300x146.jpg 300w, https:\/\/xbarchitecture.fr\/wp-content\/uploads\/2024\/01\/20240119_155620-768x373.jpg 768w, https:\/\/xbarchitecture.fr\/wp-content\/uploads\/2024\/01\/20240119_155620-1536x747.jpg 1536w, https:\/\/xbarchitecture.fr\/wp-content\/uploads\/2024\/01\/20240119_155620-2048x996.jpg 2048w\" sizes=\"auto, (max-width: 706px) 89vw, (max-width: 767px) 82vw, 740px\" \/><\/figure>\n\n\n\n<p><\/p>\n\n\n\n<p class=\"has-black-color has-cyan-bluish-gray-background-color has-text-color has-background has-link-color wp-elements-6a531dc98f97bd92a358a76ec3aaf9b2\"><strong>Am\u00e9lioration des performances \u00e9nerg\u00e9tiques &#8211; B\u00e2timent 3 \u00e9cole EXEN &#8211; SCHILTIGHEIM<\/strong><\/p>\n\n\n\n<p>(<em><sub><sup>chef de projet OZE architecture<\/sup><\/sub><\/em>)<\/p>\n\n\n\n<figure class=\"wp-block-gallery has-nested-images columns-default is-cropped wp-block-gallery-3 is-layout-flex wp-block-gallery-is-layout-flex\">\n<figure class=\"wp-block-image size-large\"><img loading=\"lazy\" decoding=\"async\" width=\"1024\" height=\"498\" data-id=\"252\" src=\"https:\/\/xbarchitecture.fr\/wp-content\/uploads\/2024\/01\/20240119_152815-1024x498.jpg\" alt=\"\" class=\"wp-image-252\" srcset=\"https:\/\/xbarchitecture.fr\/wp-content\/uploads\/2024\/01\/20240119_152815-1024x498.jpg 1024w, https:\/\/xbarchitecture.fr\/wp-content\/uploads\/2024\/01\/20240119_152815-300x146.jpg 300w, https:\/\/xbarchitecture.fr\/wp-content\/uploads\/2024\/01\/20240119_152815-768x373.jpg 768w, https:\/\/xbarchitecture.fr\/wp-content\/uploads\/2024\/01\/20240119_152815-1536x747.jpg 1536w, https:\/\/xbarchitecture.fr\/wp-content\/uploads\/2024\/01\/20240119_152815-2048x996.jpg 2048w\" sizes=\"auto, (max-width: 706px) 89vw, (max-width: 767px) 82vw, 740px\" \/><\/figure>\n<\/figure>\n","protected":false},"excerpt":{"rendered":"<p>Cabinet de Kin\u00e9sith\u00e9rapie JMB &#8211; b\u00e2timent \u00e0 ossature bois (67) Salle des f\u00eates d&rsquo;Entzheim (67) Architecte mandataire: Bernard WEIXLER Architecte associ\u00e9: OZE Architecture (XB CHEF DE PROJET ) B\u00e2timent de vestiaires industriels (67) (chef de projet OZE architecture) R\u00e9novation et am\u00e9lioration de l\u2019\u00c9cole Maternelle de la Meinau (chef de projet OZE architecture) Am\u00e9lioration des performances &hellip; <\/p>\n<p class=\"link-more\"><a href=\"https:\/\/xbarchitecture.fr\/index.php\/habitations-collectives\/\" class=\"more-link\">Continuer la lecture<span class=\"screen-reader-text\"> de &laquo;&nbsp;Tertiaire et Public&nbsp;&raquo;<\/span><\/a><\/p>\n","protected":false},"author":1,"featured_media":0,"parent":0,"menu_order":0,"comment_status":"closed","ping_status":"closed","template":"","meta":{"footnotes":""},"class_list":["post-43","page","type-page","status-publish","hentry"],"_links":{"self":[{"href":"https:\/\/xbarchitecture.fr\/index.php\/wp-json\/wp\/v2\/pages\/43","targetHints":{"allow":["GET"]}}],"collection":[{"href":"https:\/\/xbarchitecture.fr\/index.php\/wp-json\/wp\/v2\/pages"}],"about":[{"href":"https:\/\/xbarchitecture.fr\/index.php\/wp-json\/wp\/v2\/types\/page"}],"author":[{"embeddable":true,"href":"https:\/\/xbarchitecture.fr\/index.php\/wp-json\/wp\/v2\/users\/1"}],"replies":[{"embeddable":true,"href":"https:\/\/xbarchitecture.fr\/index.php\/wp-json\/wp\/v2\/comments?post=43"}],"version-history":[{"count":16,"href":"https:\/\/xbarchitecture.fr\/index.php\/wp-json\/wp\/v2\/pages\/43\/revisions"}],"predecessor-version":[{"id":401,"href":"https:\/\/xbarchitecture.fr\/index.php\/wp-json\/wp\/v2\/pages\/43\/revisions\/401"}],"wp:attachment":[{"href":"https:\/\/xbarchitecture.fr\/index.php\/wp-json\/wp\/v2\/media?parent=43"}],"curies":[{"name":"wp","href":"https:\/\/api.w.org\/{rel}","templated":true}]}}

<p class="has-black-color has-cyan-bluish-gray-background-color has-text-color has-background has-link-color wp-elements-9fadf31879ad6ed3487c2dfec57f6c45"><strong>Cabinet de Kinésithérapie JMB &#8211; bâtiment à ossature bois (67)</strong></p>


<div class="wp-block-image">
<figure class="aligncenter size-large"><img loading="lazy" decoding="async" width="498" height="1024" src="https://xbarchitecture.fr/wp-content/uploads/2024/01/20240119_163104-498x1024.jpg" alt="" class="wp-image-248" srcset="https://xbarchitecture.fr/wp-content/uploads/2024/01/20240119_163104-498x1024.jpg 498w, https://xbarchitecture.fr/wp-content/uploads/2024/01/20240119_163104-146x300.jpg 146w, https://xbarchitecture.fr/wp-content/uploads/2024/01/20240119_163104-768x1580.jpg 768w, https://xbarchitecture.fr/wp-content/uploads/2024/01/20240119_163104-747x1536.jpg 747w, https://xbarchitecture.fr/wp-content/uploads/2024/01/20240119_163104-996x2048.jpg 996w, https://xbarchitecture.fr/wp-content/uploads/2024/01/20240119_163104-scaled.jpg 1244w" sizes="auto, (max-width: 498px) 100vw, 498px" /></figure>
</div>


<figure class="wp-block-image size-large"><img loading="lazy" decoding="async" width="1024" height="498" src="https://xbarchitecture.fr/wp-content/uploads/2024/01/20240119_163434-1024x498.jpg" alt="" class="wp-image-249" srcset="https://xbarchitecture.fr/wp-content/uploads/2024/01/20240119_163434-1024x498.jpg 1024w, https://xbarchitecture.fr/wp-content/uploads/2024/01/20240119_163434-300x146.jpg 300w, https://xbarchitecture.fr/wp-content/uploads/2024/01/20240119_163434-768x373.jpg 768w, https://xbarchitecture.fr/wp-content/uploads/2024/01/20240119_163434-1536x747.jpg 1536w, https://xbarchitecture.fr/wp-content/uploads/2024/01/20240119_163434-2048x996.jpg 2048w" sizes="auto, (max-width: 706px) 89vw, (max-width: 767px) 82vw, 740px" /></figure>



<p></p>



<p class="has-black-color has-cyan-bluish-gray-background-color has-text-color has-background has-link-color wp-elements-cefc98216ea058bc00346e8cc4ad9f9a"><strong>Salle des fêtes d&rsquo;Entzheim (67)</strong></p>



<p><sup>Architecte mandataire: Bernard WEIXLER</sup></p>



<p><sup>Architecte associé: OZE Architecture (XB CHEF DE PROJET )</sup></p>



<figure class="wp-block-image size-large"><img loading="lazy" decoding="async" width="1024" height="683" src="https://xbarchitecture.fr/wp-content/uploads/2024/01/01-1024x683.jpg" alt="" class="wp-image-255" srcset="https://xbarchitecture.fr/wp-content/uploads/2024/01/01-1024x683.jpg 1024w, https://xbarchitecture.fr/wp-content/uploads/2024/01/01-300x200.jpg 300w, https://xbarchitecture.fr/wp-content/uploads/2024/01/01-768x512.jpg 768w, https://xbarchitecture.fr/wp-content/uploads/2024/01/01-1536x1024.jpg 1536w, https://xbarchitecture.fr/wp-content/uploads/2024/01/01-2048x1365.jpg 2048w" sizes="auto, (max-width: 706px) 89vw, (max-width: 767px) 82vw, 740px" /></figure>



<figure class="wp-block-image size-large"><img loading="lazy" decoding="async" width="1024" height="683" src="https://xbarchitecture.fr/wp-content/uploads/2024/01/05-1024x683.jpg" alt="" class="wp-image-256" srcset="https://xbarchitecture.fr/wp-content/uploads/2024/01/05-1024x683.jpg 1024w, https://xbarchitecture.fr/wp-content/uploads/2024/01/05-300x200.jpg 300w, https://xbarchitecture.fr/wp-content/uploads/2024/01/05-768x512.jpg 768w, https://xbarchitecture.fr/wp-content/uploads/2024/01/05-1536x1024.jpg 1536w, https://xbarchitecture.fr/wp-content/uploads/2024/01/05-2048x1365.jpg 2048w" sizes="auto, (max-width: 706px) 89vw, (max-width: 767px) 82vw, 740px" /></figure>



<figure class="wp-block-image size-large"><img loading="lazy" decoding="async" width="1024" height="683" src="https://xbarchitecture.fr/wp-content/uploads/2024/01/07-1024x683.jpg" alt="" class="wp-image-257" srcset="https://xbarchitecture.fr/wp-content/uploads/2024/01/07-1024x683.jpg 1024w, https://xbarchitecture.fr/wp-content/uploads/2024/01/07-300x200.jpg 300w, https://xbarchitecture.fr/wp-content/uploads/2024/01/07-768x512.jpg 768w, https://xbarchitecture.fr/wp-content/uploads/2024/01/07-1536x1024.jpg 1536w, https://xbarchitecture.fr/wp-content/uploads/2024/01/07-2048x1365.jpg 2048w" sizes="auto, (max-width: 706px) 89vw, (max-width: 767px) 82vw, 740px" /></figure>



<p></p>



<p class="has-black-color has-cyan-bluish-gray-background-color has-text-color has-background has-link-color wp-elements-e8a903c7885531ffa9debc40baabf674"><strong>Bâtiment de vestiaires industriels (67)</strong></p>



<p>(<em><sub><sup>chef de projet OZE architecture</sup></sub></em>)</p>



<figure class="wp-block-gallery has-nested-images columns-default is-cropped wp-block-gallery-1 is-layout-flex wp-block-gallery-is-layout-flex">
<figure class="wp-block-image size-large"><img loading="lazy" decoding="async" width="683" height="1024" data-id="146" src="https://xbarchitecture.fr/wp-content/uploads/2023/08/04-683x1024.jpg" alt="" class="wp-image-146" srcset="https://xbarchitecture.fr/wp-content/uploads/2023/08/04-683x1024.jpg 683w, https://xbarchitecture.fr/wp-content/uploads/2023/08/04-200x300.jpg 200w, https://xbarchitecture.fr/wp-content/uploads/2023/08/04-768x1152.jpg 768w, https://xbarchitecture.fr/wp-content/uploads/2023/08/04.jpg 960w" sizes="auto, (max-width: 683px) 100vw, 683px" /></figure>



<figure class="wp-block-image size-full"><img loading="lazy" decoding="async" width="480" height="720" data-id="144" src="https://xbarchitecture.fr/wp-content/uploads/2023/08/02.jpg" alt="" class="wp-image-144" srcset="https://xbarchitecture.fr/wp-content/uploads/2023/08/02.jpg 480w, https://xbarchitecture.fr/wp-content/uploads/2023/08/02-200x300.jpg 200w" sizes="auto, (max-width: 480px) 100vw, 480px" /></figure>



<figure class="wp-block-image size-large"><img loading="lazy" decoding="async" width="683" height="1024" data-id="143" src="https://xbarchitecture.fr/wp-content/uploads/2023/08/01-683x1024.jpg" alt="" class="wp-image-143" srcset="https://xbarchitecture.fr/wp-content/uploads/2023/08/01-683x1024.jpg 683w, https://xbarchitecture.fr/wp-content/uploads/2023/08/01-200x300.jpg 200w, https://xbarchitecture.fr/wp-content/uploads/2023/08/01-768x1152.jpg 768w, https://xbarchitecture.fr/wp-content/uploads/2023/08/01-1024x1536.jpg 1024w, https://xbarchitecture.fr/wp-content/uploads/2023/08/01.jpg 1200w" sizes="auto, (max-width: 683px) 100vw, 683px" /></figure>
</figure>



<p></p>



<p class="has-black-color has-cyan-bluish-gray-background-color has-text-color has-background has-link-color wp-elements-0216575e83901d339caa008c234f7189"><strong>Rénovation et amélioration de l’École Maternelle de la Meinau</strong></p>



<p>(<em><sub><sup>chef de projet OZE architecture</sup></sub></em>)</p>



<figure class="wp-block-gallery has-nested-images columns-default is-cropped wp-block-gallery-2 is-layout-flex wp-block-gallery-is-layout-flex">
<figure class="wp-block-image size-large"><img loading="lazy" decoding="async" width="498" height="1024" data-id="253" src="https://xbarchitecture.fr/wp-content/uploads/2024/01/20240119_155348-498x1024.jpg" alt="" class="wp-image-253" srcset="https://xbarchitecture.fr/wp-content/uploads/2024/01/20240119_155348-498x1024.jpg 498w, https://xbarchitecture.fr/wp-content/uploads/2024/01/20240119_155348-146x300.jpg 146w, https://xbarchitecture.fr/wp-content/uploads/2024/01/20240119_155348-768x1580.jpg 768w, https://xbarchitecture.fr/wp-content/uploads/2024/01/20240119_155348-747x1536.jpg 747w, https://xbarchitecture.fr/wp-content/uploads/2024/01/20240119_155348-996x2048.jpg 996w, https://xbarchitecture.fr/wp-content/uploads/2024/01/20240119_155348-scaled.jpg 1244w" sizes="auto, (max-width: 498px) 100vw, 498px" /></figure>
</figure>



<figure class="wp-block-image size-large"><img loading="lazy" decoding="async" width="1024" height="498" src="https://xbarchitecture.fr/wp-content/uploads/2024/01/20240119_155620-1024x498.jpg" alt="" class="wp-image-254" srcset="https://xbarchitecture.fr/wp-content/uploads/2024/01/20240119_155620-1024x498.jpg 1024w, https://xbarchitecture.fr/wp-content/uploads/2024/01/20240119_155620-300x146.jpg 300w, https://xbarchitecture.fr/wp-content/uploads/2024/01/20240119_155620-768x373.jpg 768w, https://xbarchitecture.fr/wp-content/uploads/2024/01/20240119_155620-1536x747.jpg 1536w, https://xbarchitecture.fr/wp-content/uploads/2024/01/20240119_155620-2048x996.jpg 2048w" sizes="auto, (max-width: 706px) 89vw, (max-width: 767px) 82vw, 740px" /></figure>



<p></p>



<p class="has-black-color has-cyan-bluish-gray-background-color has-text-color has-background has-link-color wp-elements-6a531dc98f97bd92a358a76ec3aaf9b2"><strong>Amélioration des performances énergétiques &#8211; Bâtiment 3 école EXEN &#8211; SCHILTIGHEIM</strong></p>



<p>(<em><sub><sup>chef de projet OZE architecture</sup></sub></em>)</p>



<figure class="wp-block-gallery has-nested-images columns-default is-cropped wp-block-gallery-3 is-layout-flex wp-block-gallery-is-layout-flex">
<figure class="wp-block-image size-large"><img loading="lazy" decoding="async" width="1024" height="498" data-id="252" src="https://xbarchitecture.fr/wp-content/uploads/2024/01/20240119_152815-1024x498.jpg" alt="" class="wp-image-252" srcset="https://xbarchitecture.fr/wp-content/uploads/2024/01/20240119_152815-1024x498.jpg 1024w, https://xbarchitecture.fr/wp-content/uploads/2024/01/20240119_152815-300x146.jpg 300w, https://xbarchitecture.fr/wp-content/uploads/2024/01/20240119_152815-768x373.jpg 768w, https://xbarchitecture.fr/wp-content/uploads/2024/01/20240119_152815-1536x747.jpg 1536w, https://xbarchitecture.fr/wp-content/uploads/2024/01/20240119_152815-2048x996.jpg 2048w" sizes="auto, (max-width: 706px) 89vw, (max-width: 767px) 82vw, 740px" /></figure>
</figure>

<p>Cabinet de Kinésithérapie JMB &#8211; bâtiment à ossature bois (67) Salle des fêtes d&rsquo;Entzheim (67) Architecte mandataire: Bernard WEIXLER Architecte associé: OZE Architecture (XB CHEF DE PROJET ) Bâtiment de vestiaires industriels (67) (chef de projet OZE architecture) Rénovation et amélioration de l’École Maternelle de la Meinau (chef de projet OZE architecture) Amélioration des performances &hellip; </p>
<p class="link-more"><a href="https://xbarchitecture.fr/index.php/habitations-collectives/" class="more-link">Continuer la lecture<span class="screen-reader-text"> de &laquo;&nbsp;Tertiaire et Public&nbsp;&raquo;</span></a></p>
